-5 + 10 - 9) - -18.
15
What is 8 + (15 - 17) - -17?
23
Calculate 7 - 7 - (1 + -11 - 0).
10
What is the value of (-43 + 1 - (2 + -7)) + 124 + -113?
-26
Evaluate -2 + 5 + 10 - (4 + 14 + -25).
20
-27 - (11 + -53) - 18
-3
Calculate (28 - -4 - 30) + 13.
15
138 - 135 - (2 - -12)
-11
Calculate 671 + -649 + (-4 - (3 + -2)).
17
What is -16 - (-268 - -248 - (1 - -4))?
9
((-11 - 11) + 4 - -6) + (7 - -1)
-4
What is the value of (-16 - 0) + (-4 - -9)?
-11
Evaluate -9 + 3 + 26 + 0.
20
What is the value of -10 + (13 - -1) + 24 + 2?
30
Evaluate 17 + -6 + -1 + 4.
14
Calculate (-22 - (1 - -2)) + 3 - (-58 - -60).
-24
Evaluate (0 - 0) + 2 - (3 - 3) - -6.
8
What is -22 - (9 + -11) - (3 + -14 + 6)?
-15
What is the value of 2 - ((9 - 4) + (3 - 10) - -2)?
2
Calculate -32 + 38 + (-34 - -15).
-13
What is the value of -1458 - -1441 - ((-1 - -3) + 10)?
-29
Evaluate 7 - (-8 + -15 + 5).
25
-8 - (-20 - (3 - (-5 - -18)))
2
What is the value of 2 + (3 - -1 - (10 - 11)) + 1?
8
What is the value of 17 + -26 - (-29 + -4 + -1 + 3)?
22
1 - ((0 - 0) + 2 + -197 + 194)
2
Evaluate 5 + -11 + -12 + (37 - 51).
-32
Calculate 7 - (19 + (-14 - -4)).
-2
Calculate 30 - (15 + 3 + -21).
33
Evaluate (6 - 13) + (7 - -4) + 2 + 4.
10
Evaluate 46 + (-31 - 23) + (0 - 9).
-17
Calculate -3 - (-101 + 92 - (-21 - 0) - 20).
5
Calculate 3 - 4 - (-53 - -50).
2
What is the value of 16 + (8 - (-6 + 4 + 13))?
13
5 + (-33 + 7 - 9 - (-1 - 3))
-26
Calculate 7 + (-4 - 3) + 2 + 5 + 7.
14
What is 21 + -15 + 1 + 21 + -14?
14
Calculate 1 + (-2 - 13) - (22 + -25 - -6).
-17
14 + -9 + -5 + (5 - (-3 + 27))
-19
What is the value of (17 - (4 + -7) - 6 - 6) + 0?
8
What is 67 + -27 + -7 + -1?
32
Calculate 186 + -200 + (7 - -2).
-5
-11 - 4 - -1 - (-4 + -33)
23
Evaluate 15 - 12 - (-13 + 34 + -6).
-12
Evaluate -17 + (-16 + 4 - -16).
-13
-11 - (-9 + -39) - (-8 + (-8 - -17))
36
9 - (-5 + 8 - -30 - 8)
-16
Calculate -2 + 10 + (37 - 25 - 48).
-28
Calculate (8 - 4) + (-13 + -3 - -4).
-8
What is -54 + 3 + (-130 - -163)?
-18
-3 + (1 - -2) + 63 + -61
2
What is the value of (31 - 30 - (-6 - -2) - 8) + -6?
-9
What is the value of (-550 - -547) + (-1 - -17)?
13
What is the value of (47 - 80) + 19 - (-6 - -1 - 2)?
-7
Calculate 15 + 18 + -17 + -1.
15
What is -14 - (16 - (-6 - -52))?
16
(-2 - 3 - 14) + 13
-6
What is the value of -11 + (-5 + 26 - -9) - 11?
8
Calculate (-2 - 3 - (-3 + 0)) + (-6 - -8).
0
What is 3 + (14 - (32 + -18))?
3
9 + 2 + -12 + 0 + 2
1
What is -23 + 52 + 5 + -17?
17
What is the value of 49 + (0 - 20 - 11)?
18
What is the value of (-10 + (14 - 1) - -11) + -14?
0
Evaluate 8 + (-9 + 5 - -3) - (-67 + 58).
16
(-21 - (-49 + 29)) + (2 - 3)
-2
Evaluate (3 - (6 + 1)) + -48 + 40.
-12
3 - -18 - 27 - -13
7
(4 + 2 - (15 + -37 + 24)) + -35
-31
Calculate -26 - (-23 - 13) - 3.
7
Evaluate 10 - (18 - (0 + 25)).
17
What is the value of (62 - 19) + -82 - -17?
-22
-13 - -10 - 8 - (14 - 8)
-17
(-3 - (-5 + 3)) + -11 + 7
-5
Calculate -7 + -1 - 3 - (-58 + 74).
-27
What is the value of 16 - (-2 + 13 + 2 + -12 - 8)?
23
1 + (-10 - 0) + (45 - 10 - 38)
-12
What is 4 - (-38 + 25) - (-5 + 10)?
12
What is -11 - (-27 - (-49 - -17))?
-16
Calculate -14 - (-18 + -4 - (-3 - 1)).
4
What is 2 - (8 - (3 + -11))?
-14
Evaluate (0 - -9) + 2 + (-38 - (-16 - -7)).
-18
What is -18 + (-1 - (0 - -4 - -2) - -5)?
-20
What is -7 + (-4 + (-1 - -11) - -5)?
4
Calculate -89 + 96 + (3 - 14).
-4
Evaluate 137 + -121 - (2 - -5).
9
Evaluate (13 - 2 - 3) + 23 + (18 - 35).
14
Evaluate (-2 - 1) + 18 + (31 - 41).
5
What is the value of 3 - (-4 - -1 - (-8 - (5 - 7)))?
0
What is the value of (-40 - -48) + (-3 + -11 - 0)?
-6
What is 2 + -2 - (-1 - 25)?
26
Calculate -1 + 18 + -27 - (1 - 7).
-4
What is -37 - ((-9 - 14) + 15)?
-29
What is 14 - (37 - (15 - 2))?
-10
-7 + 35 + (-39 - -30)
19
Calculate 18 + -28 + 8 + -6 + 15.
7
Evaluate -12 - ((13 - 13) + -10).
-2
-67 - -69 - (-2 + -3 + 15)
-8
-24 - (-16 + (3 - -7))
-18
What is the value of 42 + -48 + 4 + 1 + 6 + -1?
4
What is 3 + 2 + (8 - 15)?
-2
Calculate 533 + -498 + (1 - 64).
-28
Evaluate -1 + 1 + 0 - (-53 - -59) - -14.
8
What is the value of (0 - 1) + 16 + -3 + (362 - 359)?
15
Evaluate (-11 - -5) + 4 + -2 - (7 - 24).
13
What is the value of 1 + -4 + (6 - 0) + -1 + 1?
3
1 + 2 + 1 + 1 + -23 + 25
7
What is the value of -15 + (11 - (-9 - 11)) - 43?
-27
What is the value of -19 + (-4 - (0 - 16))?
-7
Calculate 10 + (-4 - -16 - 15) - 6.
1
Evaluate -9 + (-1 - (-9 - 14)).
13
-60 - -95 - 10 - (-1 + 11)
15
Calculate -8 + 3 - (6 + 0) - 6.
-17
Calculate 19 + 1 + 3 + -7 + -14.
2
Evaluate -309 + 306 + -1 + (4 - 2).
-2
5 + 4 - (9 - (14 + -8))
6
What is 1 + (-3 - 4 - -2) - (-163 + 134)?
25
4 + 10 + -4 + 5
15
What is -12 + 3 + -6 + (-8 - -1) + 2?
-20
What is the value of 14 + -2 - (30 + -23 + -3)?
8
(4 - (-3 + 2)) + (-4 - -2) + 7
10
What is -6 + (1 + 2 - (4 + -7)) + -10?
-10
What is -4 - (-1 - -16) - -5?
-14
What is (139 - 136) + (-2 - -2)?
3
Evaluate (298 - 315 - (1 - 1)) + 8 + -1.
-10
3 + (-9 - (-1 - 2)) - 6
-9
Calculate (26 - 18) + -24 + -16 - (4 + 0).
-36
What is the value of -36 + 41 + (4 - 8)?
1
What is the value of 27 + -35 + 10 + 1?
3
What is the value of 14 + -8 + 1 - -1 - 7?
1
Calculate 3 - (-15 - -2 - (5 + -11)).
10
Calculate 0 + (-10 - -2 - 8).
-16
What is 6 - ((18 + -2 - 2) + 75 + -80)?
-3
Calculate 29 - (-4 - 4 - -16).
21
Calculate 2 + 17 + (-893 - -870).
-4
-21 - (45 - (116 - 28))
22
Calculate (-1 - 4 - (-6 + (10 - 12))) + -8.
-5
Evaluate -331 - -322 - (1 + 0 + 2 - 11).
-1
Evaluate -5 + -2 - ((10 - 13) + 17 + -11).
-10
Evaluate 25 + -30 + (0 + 2 + 5 - -1).
3
What is the value of 1 - 0 - (-8 + (-15 - -10) + 16)?
-2
-6 + 1 + 3 + -2 + (8 - 2)
2
Evaluate (-5 - (-1 - 2)) + (-9 - -2).
-9
Evaluate 5 + -7 + (-8 - -14) - -7.
11
Calculate 0 + 7 - (36 - 23 - 7 - -2).
-1
What is the value of (29 + -24 - (10 - 1)) + 2 - -20?
18
What is -6 + (4 - (0 + 1)) + (8 - 7)?
-2
Evaluate (-39 - -22) + -6 - -16.
-7
Evaluate 14 + (8 + -18 - -14) + -35.
-17
Evaluate (2 - (-3 + 17 + -9 - 4)) + -1.
0
What is the value of 7 + 1 + -37 + (-2 - -8) + 2?
-21
Calculate -3 + 1 - (-256 + 265 - (1 - -7)).
-3
Calculate 143 - 145 - (0 - 5).
3
Calculate (31 - 15 - -9) + 5 + -16 - -7.
21
Calculate -15 - -23 - (9 + -5 + 14) - -4.
-6
What is the value of 16 + (33 + -12 - -15) + -16?
36
Evaluate -1 + (-3 - 5) - 4.
-13
Calculate 27 + (8 - (4 + 25)).
6
Evaluate (-33 - -1) + -13 + 19 - -12.
-14
What is the value of (-2 - 5) + (4 - -3) + (1 - 9)?
-8
Evaluate -11 + (-7 - -16) + 11 + -17.
-8
83 + (-20 - 24) + 0 + -12
27
Evaluate 2 + 0 - (0 + -38 + 28).
12
Calculate (-11 + 12 - (8 - -1)) + 13.
5
Calculate -25 + (-5 - (-4 + -21)).
-5
Calculate (5 - 4 - (-4 + -4 - -6)) + 10.
13
-4 + (-6 + -1 + (9 - 2) - 2)
-6
What is 1 + 2 + (2 - (7 - 0))?
-2
Evaluate -4 + (6 + -7 - (-3 - 6)) - 12.
-8
Evaluate (35 - (36 - -10)) + (3 - -4).
-4
What is the value of -24 + 20 + 24 + -9?
11
Calculate -1 - ((-12 - -10) + 12 + (3 - 11)).
-3
What is the value of (-11 - (-5 - -11)) + (-12 - -16)?
-13
Calculate -2 + -2 + -2 - (-11 - -11).
-6
Evaluate 23 - (7 + 13 + -5).
8
Calculate (-8 - 1) + -15 + 23 + -4 + -2.
-7
What is the value of 2 - (-2 + -6 + 0 + 2 + -8)?
16
Evaluate (-9 - -2 - -13) + -12 + 5 + -19.
-20
What is -7 + 5 + (-1 - 3) + -181 + 189?
2
Evaluate 0 + (1 - 15) + (-7 - 0) + 2.
-19
-12 - (-19 + (18 - 1))
-10
What is the value of (1 - -6) + 2 + -15 + 8 + 0?
2
Evaluate (1 - (1 + (2 - 9) - 0)) + 1.
8
Evaluate -315 + 324 - (2 + 8).
-1
0 + (15 - 3) - 21
-9
What is the value of -29 - -43 - (1 + 3 + 1 + -2)?
11
Calculate -9 + -5 - (88 - 96).
-6
What is -12 + 8 - (-1 + -1 - -3) - -1?
-4
What is the value of -6 + -13 - (7 + -7 + 5)?
-24
Calculate (-23 - -1) + (4 - (19 + -29)).
-8
What is the value of -58 + 26 + (3 - -54)?
25
What is (-55 - -68) + -2 + -14?
-3
What is the value of 0 + -18 + (-15 + 5 - -14)?
-14
What is the value of (37 - 43) + (-8 - -1) - (-2 - -3)?
-14
Evaluate -1 + (-1 - -12) - (89 - 100).
21
What is the value of (-4 + 2 - -2 - 0) + 4 + -14?
-10
Calculate (22 - (17 + -2)) + -13 + -1.
-7
What is (-7 - -6) + 1 + 10 + -12?
-2
Evaluate 25 - 10 - 15 - (-5 - 11).
16
What is -4 - ((-5 - -3 - 2) + 7) - 9?
-16
13 - (-37 + 60 + -21)
11
Evaluate 15 - ((89 - 86) + -1 + 9).
4
What is the value of -13 + (-14 + 5 - (-5 - 1 - -4))?
-20
What is -12 - (-5 - -2) - (-26 - (-8 + -4))?
5
Evaluate (-4 - (-69 + 75 - (-2 - 